3.
-15
Calculate 8 + (5 - (-11 + 30)).
-6
What is (-6 - (12 + -22) - 14) + -2?
-12
Calculate (8 - -1) + -27 + (2 - (-8 - -16)).
-24
What is (4 - (2 - -8) - (-9 - -3)) + 5?
5
What is the value of (-14 - -17) + 11 + -4 + 13?
23
Evaluate 32 + 40 + 27 + -69.
30
Evaluate 104 + -98 - (0 - -18).
-12
Evaluate 17 - (14 + -39 - -3).
39
What is the value of 1 - 6 - (12 + (2 - 8) + -5)?
-6
Evaluate -18 - -2 - (69 - 89).
4
(-1 - -34 - (-136 - -146)) + -6
17
What is the value of -23 + (22 - (20 - 8))?
-13
-8 + (23 + -2 - 27)
-14
20 - (4 - 5) - (-4 + (13 - 19))
31
What is 10 + (-1 - (9 + -6)) + 5?
11
What is the value of 13 - (-8 - -17) - (-1 - -14)?
-9
-10 + (-11 + -4 - -9)
-16
What is 0 + 28 + -14 - (-7 - -36)?
-15
1 + 8 + (2 + -5 - (25 - 0))
-19
What is (22 - (0 - -11)) + (3 + 1 - 29)?
-14
What is 0 + 5 + -19 + (22 - 10) + 3?
1
What is 3 + -20 + (5 - -3 - (5 - 0))?
-14
What is -10 + (5 - (7 - (-3 - -11)))?
-4
What is the value of -10 - (-3 - (7 + -1))?
-1
Calculate -7 + 2 - (-18 + -29 + 22).
20
What is -3 - (-10 - 0 - (38 + -26))?
19
Calculate 19 + 6 + -10 + -5.
10
(-4 - (-2 - -9) - -6) + 12 + -9
-2
722 + -726 + 4 + 1
1
What is (-17 - 0) + -1 - (-2894 - -2892)?
-16
13 - (1 - 1) - (-12 + 21 + -6)
10
What is (-26 - (-17 - 3 - -8 - -5)) + 4?
-15
What is the value of 373 + -407 - (2 - 28)?
-8
Evaluate 1 + 2 + (2 - 25 - -11).
-9
Calculate 8 + (-38 - (14 - 38)).
-6
What is 19 - -2 - (261 + -257)?
17
What is the value of -15 + (-9 - (-16 - -6 - 5))?
-9
What is (11 - 1) + (1 + (-6 - -8) - 0)?
13
What is the value of 6 + -29 - -11 - -24?
12
What is the value of -37 + 3 + 215 + -173?
8
20 - (14 + (7 - (-2 + 9)))
6
Calculate 30 - (10 + -1 + -2 + -2 + -7).
32
What is -23 + -3 + 16 + 0 + 7?
-3
What is the value of -27 - (-8 - 17 - -14) - (2 + -10)?
-8
What is the value of -8 - (-22 - (6 - (14 - -1)))?
5
What is 6 - (1 - (-6 + -5 - (1 + 1)))?
-8
What is the value of -24 + -15 + 14 + 2?
-23
What is 0 + -1 - (7 - (9 + -11 + 22))?
12
(44 - 27) + (-1 - 11)
5
Evaluate (30 - 11) + -75 + 23.
-33
What is the value of 0 + -16 + 16 + -4?
-4
9 + -7 + (-4 - (5 + -18))
11
What is (0 - -20) + -27 + 20?
13
(-10 - 9 - -22) + 14 + -2
15
Evaluate -7 - 10 - (-61 - -47).
-3
Evaluate 0 - -3 - (0 - 9).
12
17 + (7 - 31) + 4
-3
-4 + -12 + 14 - -7
5
What is the value of 8 + -1 - ((4 - (8 + -5)) + -2)?
8
51 + 53 + -77 - (1 + 9)
17
Calculate -7 - ((0 - -2) + -11) - (-3 - 1).
6
What is 7 - (0 + -1 - (58 + -65))?
1
(19 - (-58 - -35)) + -22
20
(-7 - 6 - -7) + -7 - (18 + -13)
-18
What is the value of 0 + 7 + -11 + (-5 - (-1 + -9))?
1
Calculate (-6 - -12) + -10 - (2 - (-4 - -2)).
-8
-24 + 92 + -39 + -47
-18
What is -5 - ((-8 - -2 - 7) + -1)?
9
What is -11 - (24 + (18 - 26))?
-27
What is the value of 5 + -4 + 10 + (5 - -1)?
17
What is the value of (9 - 0) + -19 + 17 + 0 + -38?
-31
What is the value of 27 + -7 - (-28 + 45)?
3
Calculate 1 - (-3 - -2 - (-5 + -13 - 1)).
-17
0 + (43 - (30 - 10))
23
Calculate (4 - 6) + 1 + (-4 - (6 - 2)).
-9
Calculate (9 + -3 + 2 - (18 - 2)) + -1.
-9
Calculate 0 + -5 + -174 + 167.
-12
What is (-5 - ((5 - 7) + 13)) + (3 - -4)?
-9
What is the value of -1 + -1 + (3 - (0 - -3)) + -9?
-11
(-39 + 12 - -12) + 4
-11
What is the value of 11 + -14 + (-5 - 1) + (39 - 35)?
-5
Calculate (32 - (22 + -6)) + (-2 - -1).
15
Evaluate -9 - ((2 - ((-6 - -8) + -4)) + 0).
-13
What is 9 + (-8 - -8) - (0 - 2 - 3)?
14
What is 10 - -8 - (-5 + 47) - 0?
-24
Evaluate -11 + 5 + 17 + -9 + 19.
21
Calculate (23 - -3 - 26) + -22.
-22
-38 - -30 - (4 + (-20 - 1))
9
Evaluate 40 + (45 - 9) + -50.
26
What is -2 + 5 + 4 + -2 + -6?
-1
9 - 0 - (131 - 135)
13
-18 + -2 + (-107 - -116)
-11
Evaluate (-62 - (-64 + 24)) + 30.
8
-9 + -23 + 8 - ((-3 - 2) + -4)
-15
What is (1 - 6) + 5 + (-3 - 9) + 10?
-2
Calculate 2 - 6 - (-12 - (-17 - -4)).
-5
What is -4 + 1 - (-15 + 0 - -1)?
11
Calculate (2 - -2) + -3 + -53 + 41.
-11
Evaluate -6 + 19 + -5 - -4.
12
What is -12 + (15 - 2 - 6) + 4?
-1
What is -8 + (11 - 40) + 31?
-6
Evaluate 16 + (13 - 24) + (4 - (3 - 5)).
11
-41 - (-16 - -2) - -7 - -14
-6
-15 + 4 + (-3 - 0) - -17
3
What is (-59 - -60 - -6) + 21 + -1?
27
4 - -2 - (-228 + 246)
-12
Calculate 2 + (12 + 2 - 6) + -8.
2
What is the value of 31 - (1 - (5 + -19))?
16
What is the value of 4 - ((1 - -12) + (-11 - -1))?
1
What is the value of (-179 - -48) + 129 + -14 + 1 + 0?
-15
(1 - 7 - (-38 + 28)) + (0 - 21)
-17
0 + -6 + (67 - 61) - 1
-1
Evaluate -9 - -16 - 12 - -4.
-1
(5 - (9 + 15)) + 3 + (1 - 5)
-20
Evaluate (5 - (-9 - (-24 - -7))) + -1.
-4
Evaluate -1 + (-5 - -1) - (8 + (-30 - -16)).
1
What is (3 - -2) + 3 + (-4 + -1 - -9)?
12
Evaluate -35 - (-54 - (37 + -24)).
32
What is the value of -45 - -38 - -5 - (-14 - (-2 + 0))?
10
Calculate -5 + ((-27 - -9) + 12 - (-3 + 3)).
-11
What is the value of (7 - -3) + -5 + 56 + -50?
11
What is the value of 0 + -2 - (-71 - -68)?
1
6 - ((38 - 14 - 17) + 6)
-7
Calculate (-20 - (-12 - -15)) + 5.
-18
17 - ((-13 - -10 - -14) + -18)
24
(21 - -9) + 10 + -62
-22
What is the value of (-38 - (52 + -34)) + 32?
-24
Calculate (50 - 49) + 10 + 0 + 1 + -1.
11
What is the value of -2 + (-1 - (7 + -1)) + 7?
-2
-1 - (-1 - -10) - (-36 + -15 + 50)
-9
Evaluate -16 + (-14 - (-11 + 13) - -17).
-15
What is the value of 24 - (-13 - (19 + -28))?
28
-29 + -1 + -2 + 14
-18
14 - (14 - 20) - -11 - 16
15
Calculate (11 - (10 + -11)) + 8 + (1 - 0).
21
Calculate (-2 - -8) + (-2 - (7 - 4)) + 4.
5
What is (8 - ((-5 - 4) + 1 + 3)) + -11?
2
What is the value of 14 + 0 + -34 + 20 + -2 + -11?
-13
What is the value of -7 + -2 + 7 + 0 + (-13 - 0)?
-15
Calculate -11 + 10 + -4 + 2.
-3
Evaluate (153 - 167) + (0 - -1) + 6 - -12.
5
(1 - 44) + (449 - 425)
-19
What is the value of -20 + 13 + (-6 - -22 - 20)?
-11
Evaluate -3 + -6 + -2 + (13 - (-4 + 8)).
-2
What is (-17 - (5 + -70 + 11)) + -9?
28
Calculate 3 + -5 + 8 + (7 - 8).
5
Calculate (142 - 137) + (2 + -1 + 1 - 10).
-3
(-6 - 2) + (-428 - -414)
-22
Evaluate (-11 + (5 - -2) - -7) + 3.
6
-17 + (-10 + -1 + 2 - -19) - 19
-26
Calculate -28 - -20 - (0 - 5).
-3
What is the value of (43 - 14) + -26 - 3?
0
What is the value of 13 - (1 - 0 - (-25 + 17 - -10))?
14
Evaluate 7 + 0 + 10 - (3 - -5).
9
What is the value of (6 + -5 + 4 - 10) + 23 + -3?
15
What is 5 + (-22 - -17) + -13?
-13
What is the value of -89 + 64 + 4 + 9?
-12
What is 0 - -10 - ((-12 - -16) + 4)?
2
What is the value of 28 - (24 - -15) - 0?
-11
6 - (-7 - -8) - 9 - (1 + 0)
-5
What is the value of 2 + (18 - 26) - (9 + -1)?
-14
7 + -1 + 21 + (8 - (-7 + 13))
29
What is the value of 7 - (-12 - (0 + -16)) - -9?
12
Calculate -5 - (-27 + 19) - 14.
-11
Calculate -21 + (-9 - -3) + -1 + 3.
-25
Evaluate 1 + -4 + -1 + (7 - 10) - -11.
4
Evaluate (6 - (5 + 11 + -5)) + (2 - 1).
-4
-855 - -845 - ((5 + 0 - -2) + -1)
-16
-78 + 79 + (-2 - (4 + (0 - 1)))
-4
-16 - -13 - (-2 + -1) - (-31 + 29)
2
Evaluate (4 - 0) + 1 - (-20 + 8 + 5).
12
What is 9 + 15 + (-23 - (12 - 13))?
2
What is -6 + (8 - -4) + 1 + -8?
-1
What is the value of 7 - -5 - (-31 - -31)?
12
-4 + -3 + -2 + 0 + (5 - -1)
-3
What is the value of 11 + 3 + -3 + -7 - (1 + 0)?
3
What is the value of -16 + 8 + -4 + (9 - -3) + -9?
-9
What is (41 - 57) + 4 + -7 + -8?
-27
11 + -11 - (-1 + 7) - 8
-14
What is -4 + -4 + (-2 + 6 + 2 - -4)?
2
-7 - (0 - -4 - 1)
-10
Evaluate (29 - (-1 + 1)) + -64 + 58 + -3.
20
-28 - -15 - -28 - (0 - -14)
1
What is -16 - -2 - (-6 + -23 - -21)?
-6
2 + -18 + (0 - 4 - -12)
-8
Evaluate 1 - -8 - 1 - (1 + 16).
-9
What is 3 + -3 - ((1 - 14) + (28 - 19))?
4
Evaluate 57 + -14 + -62 - (8 + 0).
-27
Evaluate 8 + (-34 + 16 - -8).
-2
What is (8 - 5) + 0 - (12 + -3 + 2)?
-8
Calculate -25 + 4 - (0 - 6).
-15
Calculate 30 + -16 + 1 - 14.
1
Evaluate -1 + -9 + (13 - 36) + 24.
-9
What is -7 + (4 - -10 - 11) + (2 - 7)?
-9
Evaluate -8 - -2 - (-1 + -13 - (0 - 6)).
2
Evaluate 2 + 15 + (-21 - -12) + -2 + 10.
16
Calculate (-2 - (-1 + 2 - (-35 + 37))) + -2.
-3
What is the value of (-4 - -13) + -18 - (-1 + 4)?
-12
What is (0 - (3 - 2) - (-97 - -112)) + -4?
-20
Evaluate 20 - (8 + 0 + -10 + 3).
19
What is the value of (3 - (-36 + 10) - -1) + 2 - 0?
32
Evaluate 3 - ((2 - 10 - -7) + 21).
-17
What is (-2 - (-1 + -1)) + -96 + 94?
-2
What is the value of (-6 - (12 - (7 - -9))) + 7?
5
Evaluate 4 + (-3 + -1 + -4 - (1 - 3)).
-2
Calculate -5 + (7 - -9 - 9) - -4.
6
What is the value of -20 - (-2 + (3 - (0 + -1)) - 2)?
-20